 62. Let y be j(-14). List the prime factors of ((-4)/6)/(y/g).
5
Suppose -5*i = -0*g + 3*g + 5, -4 = 2*g + 3*i. What are the prime factors of g/(-4 + -1) - -176?
3, 59
Let t(w) = -w**3 + 10*w**2 + 22*w + 7. What are the prime factors of t(11)?
2
Let y(q) = -6*q**2 + 13 + 6*q + 2*q**3 + 8*q**3 - 15*q**3 + 6*q**3. What are the prime factors of y(4)?
5
Let n(o) = 9*o**2 + 23*o + 12. List the prime factors of n(-12).
2, 3, 43
Let w = -97 + 103. List the prime factors of (-4)/(-24) + 653/w.
109
Suppose -c + 0*c - 36 = 0. Let x = 98 + c. What are the prime factors of x?
2, 31
Let x = 1115 - 52. What are the prime factors of x?
1063
Let x = -20 + 19. Let h = x - -3. Suppose 5*s + 0*b = -3*b + 285, 0 = -h*s - 2*b + 118. What are the prime factors of s?
2, 3
Let l = 71 + -161. Let u = l - -136. What are the prime factors of u?
2, 23
Suppose 3*w = 5*i + 269, -2*w + 7*w + 5*i - 475 = 0. Let f = 122 - w. What are the prime factors of f?
29
Let v(u) = -2*u + 3. What are the prime factors of v(-6)?
3, 5
Let x = 4081 - 763. What are the prime factors of x?
2, 3, 7, 79
Let b(o) = 14*o - 1. Let q(m) = -29*m + 1. Suppose -8*f = -4*f + 12. Let x(r) = f*q(r) - 7*b(r). What are the prime factors of x(-6)?
2, 5, 7
Let m be (-1 + (-1)/2)/(21/532). Let g = m + 53. List the prime factors of g.
3, 5
Let f(p) be the third derivative of p**5/15 - p**4/12 + p**3/2 - 17*p**2. List the prime factors of f(3).
3, 11
Let i be -1 + 0/(0 + 1) + 12. List the prime factors of (3 + i/3)*(-504)/(-20).
2, 3, 7
Let g(l) = -l**3 - 6*l + 5. Let c = -22 + 16. Let m be g(c). Suppose 5*y - b - m = -25, -223 = -5*y + 4*b. List the prime factors of y.
47
Let p = 1376 - 644. What are the prime factors of p?
2, 3, 61
Let c be 1/(1/3) - 0. Suppose 15 = -4*g - c*y, 3*g + 2*g = -5*y - 20. Let v = 10 + g. List the prime factors of v.
7
Suppose 5*m + 4*t - 820 = 0, 5*m + 5*t - 995 + 175 = 0. List the prime factors of m.
2, 41
Suppose 5*m - 3*c - 66 = 16, 0 = -5*m + 5*c + 90. Suppose 172 + m = 2*w. List the prime factors of w.
3, 31
Suppose -5*o = -2*c + 323, -o = -5*o + c - 256. List the prime factors of 2/9 + (-1939)/o.
31
Suppose -10 = k - 8. Let z be k - 1 - (-14 - 2). Suppose -20 = -3*j + z. List the prime factors of j.
11
Suppose -2*r - 48 = -4*r. Let v = -5 + r. Let f = v + -6. List the prime factors of f.
13
Suppose 3*q = 4*v - 81, v - 2*v - 4*q = -44. Suppose z - 93 = -5*t, -3*t + v = -3*z - 39. Suppose 3*r - t = 2. What are the prime factors of r?
7
Suppose 0 = -5*s + 4*l + 6194, -4*s + 1583 + 3397 = 3*l. List the prime factors of s.
2, 3, 23
Let m be (1 + 1)/(1/7). Suppose -11*n + m*n = 207. What are the prime factors of n?
3, 23
Let u = -851 - -1757. List the prime factors of u.
2, 3, 151
Suppose 3*k + 256 = 2*d, 7*d - 256 = 5*d - 4*k. What are the prime factors of d?
2
What are the prime factors of (5/((-15)/1563))/(3/(-6))?
2, 521
List the prime factors of (-9)/12*44/(-33) + 1169.
2, 3, 5, 13
Suppose 4*c - 135 = -39. Let g = -24 + 4. Let p = g + c. What are the prime factors of p?
2
Suppose -3*r = -0*r. Suppose -7*v + 224 = -r*v. List the prime factors of v.
2
What are the prime factors of (-615 - 0 - 3)/((-3)/2)?
2, 103
Suppose -578 = -5*r + i, -4*r + 2*i + 0*i + 460 = 0. List the prime factors of r.
2, 29
Suppose -2*n = -4*j + 2500, j - 2*j + 5*n + 625 = 0. What are the prime factors of j?
5
Let m be (-342)/(-6) - 3/(-1). Suppose 36 + m = 4*o. List the prime factors of o.
2, 3
Suppose -7*y + 1420 = -4635. List the prime factors of y.
5, 173
Suppose -f = -6*f + 280. Let a = f - 21. What are the prime factors of a?
5, 7
Let n be (-1514)/10 + 2 + (-4)/(-10). Let a = n + 215. What are the prime factors of a?
2, 3, 11
Let u(o) be the first derivative of o**4/4 + 7*o**3/3 - 11*o**2/2 + 2*o + 7. Let c = -3 + -5. List the prime factors of u(c).
2, 13
Let u be 18/15*120/(-18). List the prime factors of (94/u)/(4/(-16)).
47
Let w be 879/9 + 2/6. Let r = w + -46. List the prime factors of r.
2, 13
Suppose -5*b + 5*s = -3180, -4*s + 365 = -b + 995. List the prime factors of b.
2, 11, 29
List the prime factors of (2/(-4))/(-11 - (-37390)/3400).
2, 5, 17
Suppose 0 = -38*q + 37*q + 626. What are the prime factors of q?
2, 313
Suppose 4*q = -8, 2*q = -4*r + 7*r - 4225. What are the prime factors of r?
3, 7, 67
Suppose 134 = -3*a + 1241. List the prime factors of a.
3, 41
Let i = -83 - -868. What are the prime factors of i?
5, 157
List the prime factors of 0/(-11) - 14622/(5 + -11).
2437
Let t = 18 - 13. Suppose 4*p + t = 105. Suppose -5*y = 4*n - p, 25 + 35 = 5*y - 3*n. List the prime factors of y.
3
List the prime factors of (-95 + 97)*(-3334)/(-4).
1667
Let a(z) = z + 1. Let i be -3*((-8)/(-3) - 4). Let j be a(i). Suppose -15 = 3*n, 3 = y + 4*n - j. List the prime factors of y.
2, 7
Let p = -10 - 38. Let i = p - -82. What are the prime factors of i?
2, 17
Let n = 650 + -301. What are the prime factors of n?
349
Suppose 17*k + 2745 - 14492 = 0. List the prime factors of k.
691
Suppose -8 + 20 = 4*y. Suppose -y*a - 2 = -4*a + 2*v, a = v + 4. Let c(s) = s**2 + s + 1. List the prime factors of c(a).
43
Let i(g) = -80*g + 2. Let v be i(-2). Suppose t = 5*t - b - v, -131 = -3*t - 4*b. What are the prime factors of t?
41
Suppose 0 = -26*q + 10140 + 2158. What are the prime factors of q?
11, 43
Let h be (-3)/(-3)*(4 + 11). Suppose -h*v + 33 = -18*v. Let w(s) = -5*s - 14. List the prime factors of w(v).
41
Let r = -905 - -2385. What are the prime factors of r?
2, 5, 37
Suppose -35 = -5*r + 30. Let g = r + -8. Suppose 0 = -2*l - 2, g*z - 2*l - 3*l - 35 = 0. List the prime factors of z.
2, 3
Let b(m) = -m**3 + 15*m**2 + 17*m - 19. Let a be b(16). Let v be (-6 - (-9)/a)/(-1). Suppose -v = -5*d + 31. List the prime factors of d.
2
Let d(o) = o**3 + 4*o**2 + 3*o + 13. Let j be d(-4). What are the prime factors of j/(17/8 + -2)?
2
Let j(g) = 2*g - 6. Let z be j(-7). List the prime factors of z/6*972/(-45).
2, 3
Suppose -14*g + 7336 = -6*g. What are the prime factors of g?
7, 131
Suppose -4*v + 7*v - 1907 = -2*r, -2528 = -4*v + r. List the prime factors of v.
3, 211
Let f(o) = 16*o + 174. List the prime factors of f(18).
2, 3, 7, 11
Let l(p) = -p**3 + 8*p**2 + 3. Let z = -9 + 16. What are the prime factors of l(z)?
2, 13
Let h = 92 - 98. Let g be (2/4)/((-4)/8). What are the prime factors of (-49)/(-14)*h/g?
3, 7
Suppose -13 = 3*p + 2. Let c = p - -8. List the prime factors of ((-20)/25)/(c/(-105)).
2, 7
Suppose 13*v = 5929 - 599. What are the prime factors of v?
2, 5, 41
Suppose -t = -3*i + 1982, -72 = 4*i + 5*t - 2740. List the prime factors of i.
2, 331
Let i = -233 + 43. Let v = i - -323. What are the prime factors of v?
7, 19
Let o(k) = k**2 + 5*k - 3. Let r be o(-5). Let z(n) = 3*n + 2. Let h be z(r). List the prime factors of h/(-4) - 6/(-24).
2
Let a be (-28)/(-42) + 38/(-3). Let f be (a/9)/(10/(-15)). What are the prime factors of (1/f)/(2/120)?
2, 3, 5
Let u = 4450 - 2301. What are the prime factors of u?
7, 307
Let p(o) = o - 3. Let q be p(6). Suppose -17 = -q*r + 7. Suppose -3*g = -r*g + 75. What are the prime factors of g?
3, 5
Let n(q) = q**2 + 14*q + 16. Let s be n(-13). Suppose -4 = s*y + 2*w, -w - 4 = w. Suppose 0 = 4*v - 4, y = z - 3*z + 5*v + 17. What are the prime factors of z?
11
Suppose 25 = 7*w - 2*w. Let q be 2/w - (-129)/15. What are the prime factors of 23*1 + -9 + q?
23
Let y(d) = 2*d**2 + d - 1. Let k be y(1). Suppose 0*r + 3*x = -4*r + 34, -28 = -k*r + 4*x. List the prime factors of r.
2, 5
Let u(o) be the first derivative of -o**2 + o + 3. List the prime factors of u(-6).
13
Let m = -793 - -1584. What are the prime factors of m?
7, 113
Let m = 26 + -67. Let g = 52 + m. What are the prime factors of g?
11
Let s be (-2)/4*4 + 3. Let f = 2 + s. Let h = f - -7. What are the prime factors of h?
2, 5
Let b(d) = 3*d**3 + 2*d**2 - 2*d + 1. Let m be b(1). Suppose -m*y + 256 = -0*y. What are the prime factors of y?
2
Let t(y) = 3*y**2 + 18*y - 87. List the prime factors of t(21).
2, 3, 269
Let s(n) = n + 2. Let w be s(8). Let h(v) = v**2 - 5*v + 7. Let r be h(w). Suppose 3*g - 57 = -4*q, -3*g + 3*q + q + r = 0. List the prime factors of g.
19
Suppose -4*n = 582 - 2154. Let f = -243 + n. What are the prime factors of f?
2, 3, 5
Suppose 4 = m + 3*t, 5*t - 4 = m - 8. List the prime factors 